[dpdk-test-report] |FAILURE| pw65719 [PATCH] [v2] examples/vhost_blk: fix the TOCTOU
dpdklab at iol.unh.edu
dpdklab at iol.unh.edu
Tue Feb 11 03:54:37 CET 2020
Test-Label: iol-testing
Test-Status: FAILURE
http://dpdk.org/patch/65719
_Testing issues_
Submitter: Jin Yu <jin.yu at intel.com>
Date: Tuesday, February 11 2020 09:33:36
DPDK git baseline: Repo:dpdk
Branch: master
CommitID:2636c2a23878b4f9906d90744664d8740bc9ec66
65719 --> testing fail
Test environment and result as below:
+---------------------+--------------------+-------------------+--------------+------------------+----------------+
| Environment | dpdk_meson_compile | dpdk_compile_spdk | dpdk_compile | dpdk_compile_ovs | dpdk_unit_test |
+=====================+====================+===================+==============+==================+================+
| Windows Server 2019 | FAIL | SKIPPED | SKIPPED | SKIPPED | SKIPPED |
+---------------------+--------------------+-------------------+--------------+------------------+----------------+
| Ubuntu 18.04 | PASS | PASS | PASS | PASS | PASS |
+---------------------+--------------------+-------------------+--------------+------------------+----------------+
| openSUSE Leap 15 | PASS | SKIPPED | PASS | PASS | SKIPPED |
+---------------------+--------------------+-------------------+--------------+------------------+----------------+
| Fedora 31 | PASS | PASS | PASS | PASS | SKIPPED |
+---------------------+--------------------+-------------------+--------------+------------------+----------------+
| Arch Linux | PASS | SKIPPED | PASS | PASS | SKIPPED |
+---------------------+--------------------+-------------------+--------------+------------------+----------------+
| CentOS 8 | PASS | PASS | PASS | PASS | SKIPPED |
+---------------------+--------------------+-------------------+--------------+------------------+----------------+
| FreeBSD 11.2 | PASS | PASS | PASS | SKIPPED | SKIPPED |
+---------------------+--------------------+-------------------+--------------+------------------+----------------+
Windows Server 2019
Kernel: 10.0
Compiler: clang 9.0
Ubuntu 18.04
Kernel: 4.15.0-generic
Compiler: gcc 7.4
openSUSE Leap 15
Kernel: 4.12.14
Compiler: gcc 7.4.1
Fedora 31
Kernel: 5.3.16
Compiler: gcc 9.2.1
Arch Linux
Kernel: latest
Compiler: gcc latest
CentOS 8
Kernel: 4.18.0.el8_0
Compiler: gcc 8.3.1
FreeBSD 11.2
Kernel: 11.2
Compiler: gcc 8.3
To view detailed results, visit:
https://lab.dpdk.org/results/dashboard/patchsets/9557/
UNH-IOL DPDK Community Lab
To manage your email subscriptions, visit:
https://lab.dpdk.org/results/dashboard/preferences/subscriptions/
More information about the test-report
mailing list