[dpdk-test-report] |FAILURE| pw66057 [PATCH] bnx2x: handle guest vlan for SR-IOV case
dpdklab at iol.unh.edu
dpdklab at iol.unh.edu
Wed Feb 26 18:51:22 CET 2020
Test-Label: iol-testing
Test-Status: FAILURE
http://dpdk.org/patch/66057
_Testing issues_
Submitter: Dey, Souvik <sodey at rbbn.com>
Date: Wednesday, February 26 2020 16:36:35
DPDK git baseline: Repo:dpdk
Branch: master
CommitID:d7142fbae16f185e11bfa44be061399afc40a1be
66057 --> testing fail
Test environment and result as below:
+---------------------+--------------------+----------------+-------------------+------------------+--------------+
| Environment | dpdk_meson_compile | dpdk_unit_test | dpdk_compile_spdk | dpdk_compile_ovs | dpdk_compile |
+=====================+====================+================+===================+==================+==============+
| Windows Server 2019 | PASS | SKIPPED | SKIPPED | SKIPPED | SKIPPED |
+---------------------+--------------------+----------------+-------------------+------------------+--------------+
| FreeBSD 11.2 | FAIL | SKIPPED | PASS | SKIPPED | PASS |
+---------------------+--------------------+----------------+-------------------+------------------+--------------+
| Fedora 31 | FAIL | SKIPPED | PASS | PASS | PASS |
+---------------------+--------------------+----------------+-------------------+------------------+--------------+
| openSUSE Leap 15 | FAIL | SKIPPED | PASS | PASS | PASS |
+---------------------+--------------------+----------------+-------------------+------------------+--------------+
| Ubuntu 18.04 | FAIL | FAIL | PASS | PASS | PASS |
+---------------------+--------------------+----------------+-------------------+------------------+--------------+
| CentOS 8 | FAIL | SKIPPED | PASS | PASS | PASS |
+---------------------+--------------------+----------------+-------------------+------------------+--------------+
| Arch Linux | FAIL | SKIPPED | SKIPPED | PASS | PASS |
+---------------------+--------------------+----------------+-------------------+------------------+--------------+
Windows Server 2019
Kernel: 10.0
Compiler: clang 9.0
FreeBSD 11.2
Kernel: 11.2
Compiler: gcc 8.3
Fedora 31
Kernel: 5.3.16
Compiler: gcc 9.2.1
openSUSE Leap 15
Kernel: 4.12.14
Compiler: gcc 7.4.1
Ubuntu 18.04
Kernel: 4.15.0-generic
Compiler: gcc 7.4
CentOS 8
Kernel: 4.18.0.el8_0
Compiler: gcc 8.3.1
Arch Linux
Kernel: latest
Compiler: gcc latest
To view detailed results, visit:
https://lab.dpdk.org/results/dashboard/patchsets/9763/
UNH-IOL DPDK Community Lab
To manage your email subscriptions, visit:
https://lab.dpdk.org/results/dashboard/preferences/subscriptions/
More information about the test-report
mailing list