[dpdk-test-report] |FAILURE| pw91559-91560 [PATCH] [v5, 2/2] net/ice: add Rx AVX512 offload path
dpdklab at iol.unh.edu
dpdklab at iol.unh.edu
Sun Apr 18 02:45:45 CEST 2021
Test-Label: iol-testing
Test-Status: FAILURE
http://dpdk.org/patch/91560
_Testing issues_
Submitter: Leyi Rong <leyi.rong at intel.com>
Date: Thursday, April 15 2021 08:58:11
DPDK git baseline: Repo:dpdk-next-net-intel
Branch: master
CommitID:bc4d49f39deefe7a2341fae8a9994a6114823f6c
91559-91560 --> testing fail
Test environment and result as below:
+---------------------+----------------------+-------------------+--------------------+----------------+
| Environment | dpdk_mingw64_compile | dpdk_compile_spdk | dpdk_meson_compile | dpdk_unit_test |
+=====================+======================+===================+====================+================+
| Windows Server 2019 | PASS | SKIPPED | PASS | SKIPPED |
+---------------------+----------------------+-------------------+--------------------+----------------+
| Ubuntu 18.04 | SKIPPED | PASS | PASS | PASS |
+---------------------+----------------------+-------------------+--------------------+----------------+
| Fedora 32 | SKIPPED | SKIPPED | PASS | SKIPPED |
+---------------------+----------------------+-------------------+--------------------+----------------+
| Fedora 31 | SKIPPED | SKIPPED | PASS | SKIPPED |
+---------------------+----------------------+-------------------+--------------------+----------------+
| CentOS Stream 8 | SKIPPED | SKIPPED | PASS | SKIPPED |
+---------------------+----------------------+-------------------+--------------------+----------------+
| RHEL 7 | SKIPPED | SKIPPED | FAIL | SKIPPED |
+---------------------+----------------------+-------------------+--------------------+----------------+
| RHEL8 | SKIPPED | SKIPPED | PASS | SKIPPED |
+---------------------+----------------------+-------------------+--------------------+----------------+
| Ubuntu 20.04 | SKIPPED | SKIPPED | PASS | SKIPPED |
+---------------------+----------------------+-------------------+--------------------+----------------+
| Arch Linux | SKIPPED | SKIPPED | PASS | SKIPPED |
+---------------------+----------------------+-------------------+--------------------+----------------+
| openSUSE Leap 15 | SKIPPED | SKIPPED | PASS | SKIPPED |
+---------------------+----------------------+-------------------+--------------------+----------------+
| FreeBSD 11.2 | SKIPPED | SKIPPED | PASS | SKIPPED |
+---------------------+----------------------+-------------------+--------------------+----------------+
| Ubuntu 18.04 ARM | SKIPPED | SKIPPED | PASS | PASS |
+---------------------+----------------------+-------------------+--------------------+----------------+
==== 20 line log output for RHEL 7 (dpdk_meson_compile): ====
^
cc1: all warnings being treated as errors
[274/2686] Compiling C object lib/librte_member.a.p/librte_member_rte_member_ht.c.o
[275/2686] Generating rte_member_def with a custom command
[276/2686] Compiling C object lib/librte_member.a.p/librte_member_rte_member_vbf.c.o
[277/2686] Generating distributor.sym_chk with a meson_exe.py custom command
[278/2686] Generating efd.sym_chk with a meson_exe.py custom command
[279/2686] Generating bbdev.sym_chk with a meson_exe.py custom command
[280/2686] Compiling C object lib/librte_latencystats.a.p/librte_latencystats_rte_latencystats.c.o
[281/2686] Generating gro.sym_chk with a meson_exe.py custom command
[282/2686] Generating gso.sym_chk with a meson_exe.py custom command
[283/2686] Compiling C object lib/librte_kni.a.p/librte_kni_rte_kni.c.o
[284/2686] Generating jobstats.sym_chk with a meson_exe.py custom command
[285/2686] Generating lpm.sym_chk with a meson_exe.py custom command
[286/2686] Generating ip_frag.sym_chk with a meson_exe.py custom command
[287/2686] Generating compressdev.sym_chk with a meson_exe.py custom command
[288/2686] Generating cryptodev.sym_chk with a meson_exe.py custom command
[289/2686] Generating ethdev.sym_chk with a meson_exe.py custom command
[290/2686] Generating eal.sym_chk with a meson_exe.py custom command
ninja: build stopped: subcommand failed.
==== End log output ====
Windows Server 2019
Kernel: 10.0
Compiler: clang 9.0 and gcc 8.1.0 (MinGW)
Ubuntu 18.04
Kernel: 4.18.0-240.10.1.el8_3.x86_64
Compiler: gcc 7.5.0-3ubuntu1~18.04
Fedora 32
Kernel: 4.18.0-240.10.1.el8_3.x86_64
Compiler: gcc 10.2.1
Fedora 31
Kernel: 4.18.0-240.10.1.el8_3.x86_64
Compiler: gcc 9.3.1
CentOS Stream 8
Kernel: 4.18.0-240.10.1.el8_3.x86_64
Compiler: gcc 8.4.1 20200928
RHEL 7
Kernel: 4.18.0-240.10.1.el8_3.x86_64
Compiler: gcc 4.8.5 20150623 (Red Hat 4.8.5-44)
RHEL8
Kernel: 4.18.0-240.10.1.el8_3.x86_64
Compiler: gcc 8.3.1 20191121 (Red Hat 8.3.1-5)
Ubuntu 20.04
Kernel: 4.18.0-240.10.1.el8_3.x86_64
Compiler: gcc 9.3.0-17ubuntu1~20.04
Arch Linux
Kernel: 4.18.0-240.10.1.el8_3.x86_64
Compiler: gcc 10.2.0
openSUSE Leap 15
Kernel: 4.18.0-240.10.1.el8_3.x86_64
Compiler: gcc 7.5.0
FreeBSD 11.2
Kernel: 11.2
Compiler: gcc 8.3
Ubuntu 18.04 ARM
Kernel: 5.4.0-53-generic
Compiler: gcc 9.3
To view detailed results, visit:
https://lab.dpdk.org/results/dashboard/patchsets/16555/
UNH-IOL DPDK Community Lab
To manage your email subscriptions, visit:
https://lab.dpdk.org/results/dashboard/preferences/subscriptions/
More information about the test-report
mailing list