[dpdk-test-report] |FAILURE| pw91937-91944 [PATCH] [v16, 8/8] doc: add aarch32 build guidance
dpdklab at iol.unh.edu
dpdklab at iol.unh.edu
Wed Apr 21 14:21:56 CEST 2021
Test-Label: iol-testing
Test-Status: FAILURE
http://dpdk.org/patch/91944
_Testing issues_
Submitter: Juraj Linkeš <juraj.linkes at pantheon.tech>
Date: Wednesday, April 21 2021 08:50:20
DPDK git baseline: Repo:dpdk
Branch: master
CommitID:ff4cf5265cc9dfdf41eabaded8617f73afb1283e
91937-91944 --> testing fail
Test environment and result as below:
+---------------------+----------------------+-------------------+--------------------+----------------+
| Environment | dpdk_mingw64_compile | dpdk_compile_spdk | dpdk_meson_compile | dpdk_unit_test |
+=====================+======================+===================+====================+================+
| Windows Server 2019 | PASS | SKIPPED | PASS | SKIPPED |
+---------------------+----------------------+-------------------+--------------------+----------------+
| Ubuntu 18.04 | SKIPPED | PASS | PASS | PASS |
+---------------------+----------------------+-------------------+--------------------+----------------+
| RHEL 7 | SKIPPED | SKIPPED | FAIL | SKIPPED |
+---------------------+----------------------+-------------------+--------------------+----------------+
| RHEL8 | SKIPPED | SKIPPED | PASS | SKIPPED |
+---------------------+----------------------+-------------------+--------------------+----------------+
| Fedora 31 | SKIPPED | SKIPPED | PASS | SKIPPED |
+---------------------+----------------------+-------------------+--------------------+----------------+
| Ubuntu 20.04 | SKIPPED | SKIPPED | PASS | SKIPPED |
+---------------------+----------------------+-------------------+--------------------+----------------+
| Fedora 32 | SKIPPED | SKIPPED | PASS | SKIPPED |
+---------------------+----------------------+-------------------+--------------------+----------------+
| Arch Linux | SKIPPED | SKIPPED | PASS | SKIPPED |
+---------------------+----------------------+-------------------+--------------------+----------------+
| CentOS Stream 8 | SKIPPED | SKIPPED | PASS | SKIPPED |
+---------------------+----------------------+-------------------+--------------------+----------------+
| openSUSE Leap 15 | SKIPPED | SKIPPED | PASS | SKIPPED |
+---------------------+----------------------+-------------------+--------------------+----------------+
| FreeBSD 11.2 | SKIPPED | SKIPPED | PASS | SKIPPED |
+---------------------+----------------------+-------------------+--------------------+----------------+
| Ubuntu 18.04 ARM | SKIPPED | SKIPPED | PASS | PASS |
+---------------------+----------------------+-------------------+--------------------+----------------+
==== 20 line log output for RHEL 7 (dpdk_meson_compile): ====
^
cc1: all warnings being treated as errors
[686/2694] Linking target lib/librte_jobstats.so.21.2
[687/2694] Linking target lib/librte_rawdev.so.21.2
[688/2694] Generating rte_bus_pci.sym_chk with a meson_exe.py custom command
[689/2694] Generating rte_bus_vdev.sym_chk with a meson_exe.py custom command
[690/2694] Generating rte_bus_vmbus.sym_chk with a meson_exe.py custom command
[691/2694] Generating rte_common_mlx5.pmd.c with a custom command
[692/2694] Generating rte_common_dpaax.sym_chk with a meson_exe.py custom command
[693/2694] Generating rte_common_cnxk.pmd.c with a custom command
[694/2694] Generating rte_bus_ifpga.sym_chk with a meson_exe.py custom command
[695/2694] Generating symbol file lib/librte_pci.so.21.2.p/librte_pci.so.21.2.symbols
[696/2694] Generating symbol file lib/librte_meter.so.21.2.p/librte_meter.so.21.2.symbols
[697/2694] Generating symbol file lib/librte_ring.so.21.2.p/librte_ring.so.21.2.symbols
[698/2694] Generating symbol file lib/librte_acl.so.21.2.p/librte_acl.so.21.2.symbols
[699/2694] Generating symbol file lib/librte_timer.so.21.2.p/librte_timer.so.21.2.symbols
[700/2694] Generating rte_common_octeontx2.sym_chk with a meson_exe.py custom command
[701/2694] Generating rte_bus_dpaa.sym_chk with a meson_exe.py custom command
[702/2694] Generating rte_bus_fslmc.sym_chk with a meson_exe.py custom command
ninja: build stopped: subcommand failed.
==== End log output ====
Windows Server 2019
Kernel: 10.0
Compiler: clang 9.0 and gcc 8.1.0 (MinGW)
Ubuntu 18.04
Kernel: 4.18.0-240.10.1.el8_3.x86_64
Compiler: gcc 7.5.0-3ubuntu1~18.04
RHEL 7
Kernel: 4.18.0-240.10.1.el8_3.x86_64
Compiler: gcc 4.8.5 20150623 (Red Hat 4.8.5-44)
RHEL8
Kernel: 4.18.0-240.10.1.el8_3.x86_64
Compiler: gcc 8.3.1 20191121 (Red Hat 8.3.1-5)
Fedora 31
Kernel: 4.18.0-240.10.1.el8_3.x86_64
Compiler: gcc 9.3.1
Ubuntu 20.04
Kernel: 4.18.0-240.10.1.el8_3.x86_64
Compiler: gcc 9.3.0-17ubuntu1~20.04
Fedora 32
Kernel: 4.18.0-240.10.1.el8_3.x86_64
Compiler: gcc 10.2.1
Arch Linux
Kernel: 4.18.0-240.10.1.el8_3.x86_64
Compiler: gcc 10.2.0
CentOS Stream 8
Kernel: 4.18.0-240.10.1.el8_3.x86_64
Compiler: gcc 8.4.1 20200928
openSUSE Leap 15
Kernel: 4.18.0-240.10.1.el8_3.x86_64
Compiler: gcc 7.5.0
FreeBSD 11.2
Kernel: 11.2
Compiler: gcc 8.3
Ubuntu 18.04 ARM
Kernel: 5.4.0-53-generic
Compiler: gcc 9.3
To view detailed results, visit:
https://lab.dpdk.org/results/dashboard/patchsets/16687/
UNH-IOL DPDK Community Lab
To manage your email subscriptions, visit:
https://lab.dpdk.org/results/dashboard/preferences/subscriptions/
More information about the test-report
mailing list