|FAILURE| pw134781 [PATCH] net/iavf: fix vf startup coredump
dpdklab at iol.unh.edu
dpdklab at iol.unh.edu
Mon Dec 4 18:38:37 CET 2023
Test-Label: iol-unit-amd64-testing
Test-Status: FAILURE
http://dpdk.org/patch/134781
_Testing issues_
Submitter: Shiyang He <shiyangx.he at intel.com>
Date: Monday, December 04 2023 14:09:40
DPDK git baseline: Repo:dpdk
Branch: master
CommitID:c858f006d1f7161986c88847259a400d8f80d81b
134781 --> testing fail
Test environment and result as below:
+---------------------+----------------+
| Environment | dpdk_unit_test |
+=====================+================+
| Windows Server 2019 | FAIL |
+---------------------+----------------+
| Debian Buster | PASS |
+---------------------+----------------+
| CentOS Stream 9 | PASS |
+---------------------+----------------+
==== 20 line log output for Windows Server 2019 (dpdk_unit_test): ====
[ 5 / 1 3 3 ] C o m p i l i n g C o b j e c t d r i v e r s / l i b t m p _ r t e _ n e t _ i a v f . a . p / n e t _ i a v f _ i a v f _ f d i r . c . o b j
[ 6 / 1 3 3 ] C o m p i l i n g C o b j e c t d r i v e r s / n e t / i c e / b a s e / l i b i c e _ b a s e . a . p / i c e _ f l g _ r d . c . o b j
[ 7 / 1 3 3 ] C o m p i l i n g C o b j e c t d r i v e r s / n e t / i c e / b a s e / l i b i c e _ b a s e . a . p / i c e _ a c l . c . o b j
[ 8 / 1 3 3 ] C o m p i l i n g C o b j e c t d r i v e r s / n e t / i c e / b a s e / l i b i c e _ b a s e . a . p / i c e _ i m e m . c . o b j
[ 9 / 1 3 3 ] C o m p i l i n g C o b j e c t d r i v e r s / n e t / i c e / b a s e / l i b i c e _ b a s e . a . p / i c e _ c o m m o n . c . o b j
[ 1 0 / 1 3 3 ] C o m p i l i n g C o b j e c t d r i v e r s / l i b t m p _ r t e _ n e t _ i a v f . a . p / n e t _ i a v f _ i a v f _ e t h d e v . c . o b j
F A I L E D : d r i v e r s / l i b t m p _ r t e _ n e t _ i a v f . a . p / n e t _ i a v f _ i a v f _ e t h d e v . c . o b j
" c l a n g " " - I d r i v e r s \ l i b t m p _ r t e _ n e t _ i a v f . a . p " " - I d r i v e r s " " - I . . \ d r i v e r s " " - I d r i v e r s \ n e t \ i a v f " " - I . . \ d r i v e r s \ n e t \ i a v f " " - I d r i v e r s \ c o m m o n \ i a v f " " - I . . \ d r i v e r s \ c o m m o n \ i a v f " " - I l i b \ e t h d e v " " - I . . \ l i b \ e t h d e v " " - I . " " - I . . " " - I c o n f i g " " - I . . \ c o n f i g " " - I l i b \ e a l \ i n c l u d e " " - I . . \ l i b \ e a l \ i n c l u d e " " - I l i b \ e a l \ w i n d o w s \ i n c l u d e " " - I . . \ l i b \ e a l \ w i n d o w s \ i n c l u d e " " - I l i b \ e a l \ x 8 6 \ i n c l u d e " " - I . . \ l i b \ e a l \ x 8 6 \ i n c l u d e " " - I l i b \ e a l \ c o m m o n " " - I . . \ l i b \ e a l \ c o m m o n " " - I l i b \ e a l " " - I . . \ l i b \ e a l " " - I l i b \ l o g " " - I . . \ l i b \ l o g " " - I l i b \ k v a r g s
" " - I . . \ l i b \ k v a r g s " " - I l i b \ n e t " " - I . . \ l i b \ n e t " " - I l i b \ m b u f " " - I . . \ l i b \ m b u f " " - I l i b \ m e m p o o l " " - I . . \ l i b \ m e m p o o l " " - I l i b \ r i n g " " - I . . \ l i b \ r i n g " " - I l i b \ m e t r i c s " " - I . . \ l i b \ m e t r i c s " " - I l i b \ t e l e m e t r y " " - I . . \ l i b \ t e l e m e t r y " " - I l i b \ m e t e r " " - I . . \ l i b \ m e t e r " " - I d r i v e r s \ b u s \ p c i " " - I . . \ d r i v e r s \ b u s \ p c i " " - I . . \ d r i v e r s \ b u s \ p c i \ w i n d o w s " " - I l i b \ p c i " " - I . . \ l i b \ p c i " " - I d r i v e r s \ b u s \ v d e v " " - I . . \ d r i v e r s \ b u s \ v d e v " " - I l i b \ s e c u r i t y " " - I . . \ l i b \ s e c u r i t y " " - I l i b \ c r y p t o d e v " " - I . . \ l i b \ c r y p t o d e v " " - I l i b \ r c u " " - I . . \ l i b \ r c u " " - X c
l a n g " " - f c o l o r - d i a g n o s t i c s " " - p i p e " " - D _ F I L E _ O F F S E T _ B I T S = 6 4 " " - W a l l " " - W i n v a l i d - p c h " " - W e x t r a " " - W e r r o r " " - s t d = c 1 1 " " - O 3 " " - i n c l u d e " " r t e _ c o n f i g . h " " - W c a s t - q u a l " " - W d e p r e c a t e d " " - W f o r m a t " " - W f o r m a t - n o n l i t e r a l " " - W f o r m a t - s e c u r i t y " " - W m i s s i n g - d e c l a r a t i o n s " " - W m i s s i n g - p r o t o t y p e s " " - W n e s t e d - e x t e r n s " " - W o l d - s t y l e - d e f i n i t i o n " " - W p o i n t e r - a r i t h " " - W s i g n - c o m p a r e " " - W s t r i c t - p r o t o t y p e s " " - W u n d e f " " - W w r i t e - s t r i n g s " " - W n o - a d d r e s s - o f - p a c k e d - m e m b e r " " - W n o - m i s s i n g - f i e l d - i n i t i a l i z e r s " " - D _ G N U _ S O U R C E " " - D _ W I N 3 2 _
W I N N T = 0 x 0 A 0 0 " " - D _ C R T _ S E C U R E _ N O _ W A R N I N G S " " - m a r c h = n a t i v e " " - m r t m " " - D A L L O W _ E X P E R I M E N T A L _ A P I " " - D A L L O W _ I N T E R N A L _ A P I " " - W n o - s t r i c t - a l i a s i n g " " - D C C _ A V X 5 1 2 _ S U P P O R T " " - D R T E _ L O G _ D E F A U L T _ L O G T Y P E = p m d . n e t . i a v f " " - D R T E _ A N N O T A T E _ L O C K S " " - W t h r e a d - s a f e t y " - M D - M Q d r i v e r s / l i b t m p _ r t e _ n e t _ i a v f . a . p / n e t _ i a v f _ i a v f _ e t h d e v . c . o b j - M F " d r i v e r s \ l i b t m p _ r t e _ n e t _ i a v f . a . p \ n e t _ i a v f _ i a v f _ e t h d e v . c . o b j . d " - o d r i v e r s / l i b t m p _ r t e _ n e t _ i a v f . a . p / n e t _ i a v f _ i a v f _ e t h d e v . c . o b j " - c " . . / d r i v e r s / n e t / i a v f / i a v f _ e t h d e v . c
. . / d r i v e r s / n e t / i a v f / i a v f _ e t h d e v . c : 1 0 4 : 1 0 : e r r o r : u s e o f u n d e c l a r e d i d e n t i f i e r ' P T H R E A D _ M U T E X _ I N I T I A L I Z E R '
. l o c k = P T H R E A D _ M U T E X _ I N I T I A L I Z E R ,
^
1 e r r o r g e n e r a t e d .
[ 1 1 / 1 3 3 ] C o m p i l i n g C o b j e c t d r i v e r s / l i b t m p _ r t e _ n e t _ i 4 0 e . a . p / n e t _ i 4 0 e _ i 4 0 e _ r x t x _ v e c _ s s e . c . o b j
[ 1 2 / 1 3 3 ] C o m p i l i n g C o b j e c t d r i v e r s / n e t / i c e / b a s e / l i b i c e _ b a s e . a . p / i c e _ s w i t c h . c . o b j
[ 1 3 / 1 3 3 ] C o m p i l i n g C o b j e c t d r i v e r s / l i b t m p _ r t e _ n e t _ i a v f . a . p / n e t _ i a v f _ i a v f _ h a s h . c . o b j
[ 1 4 / 1 3 3 ] C o m p i l i n g C o b j e c t d r i v e r s / l i b t m p _ r t e _ n e t _ i a v f . a . p / n e t _ i a v f _ i a v f _ t m . c . o b j
[ 1 5 / 1 3 3 ] C o m p i l i n g C o b j e c t d r i v e r s / n e t / i a v f / l i b i a v f _ a v x 5 1 2 _ l i b . a . p / i a v f _ r x t x _ v e c _ a v x 5 1 2 . c . o b j
n i n j a : b u i l d s t o p p e d : s u b c o m m a n d f a i l e d .
C o u l d n o t r e b u i l d C : \ U s e r s \ b u i l d e r \ j e n k i n s \ w o r k s p a c e \ G e n e r i c - V M - U n i t - T e s t - D P D K \ d p d k \ b u i l d
==== End log output ====
Windows Server 2019
Kernel: 10.0
Compiler: clang 14.0 and gcc 8.1.0 (MinGW)
Debian Buster
Kernel: 5.4.0-122-generic
Compiler: gcc 8.3.0-6
CentOS Stream 9
Kernel: 4.18.0-240.10.1.el8_3.x86_64
Compiler: gcc 11.3.1 20220421
To view detailed results, visit:
https://lab.dpdk.org/results/dashboard/patchsets/28514/
UNH-IOL DPDK Community Lab
To manage your email subscriptions, visit:
https://lab.dpdk.org/results/dashboard/preferences/subscriptions/
More information about the test-report
mailing list