|FAILURE| pw134900-134901 [PATCH] [2/2] common/idpf: enable AVX2 for
dpdklab at iol.unh.edu
dpdklab at iol.unh.edu
Thu Dec 7 09:53:56 CET 2023
Test-Label: iol-compile-amd64-testing
Test-Status: FAILURE
http://dpdk.org/patch/134901
_Testing issues_
Submitter: Wenzhuo Lu <wenzhuo.lu at intel.com>
Date: Thursday, December 07 2023 06:35:14
DPDK git baseline: Repo:dpdk
Branch: master
CommitID:f2d5afbb2c05d7647da7ea914887c52115652651
134900-134901 --> testing fail
Test environment and result as below:
+---------------------+--------------------+----------------------+
| Environment | dpdk_meson_compile | dpdk_mingw64_compile |
+=====================+====================+======================+
| Windows Server 2022 | PASS | SKIPPED |
+---------------------+--------------------+----------------------+
| FreeBSD 13 | FAIL | SKIPPED |
+---------------------+--------------------+----------------------+
| Windows Server 2019 | FAIL | PASS |
+---------------------+--------------------+----------------------+
| Fedora 37 | PASS | SKIPPED |
+---------------------+--------------------+----------------------+
| Fedora 38 | FAIL | SKIPPED |
+---------------------+--------------------+----------------------+
| openSUSE Leap 15 | PASS | SKIPPED |
+---------------------+--------------------+----------------------+
| Ubuntu 20.04 | PASS | SKIPPED |
+---------------------+--------------------+----------------------+
| Debian Buster | PASS | SKIPPED |
+---------------------+--------------------+----------------------+
==== 20 line log output for Fedora 38 (dpdk_meson_compile): ====
[569/2820] Generating rte_common_iavf.pmd.c with a custom command.
[570/2820] Compiling C object 'drivers/a715181@@rte_common_iavf at sta/meson-generated_.._rte_common_iavf.pmd.c.o'.
[571/2820] Linking static target drivers/librte_common_iavf.a.
[572/2820] Generating rte_common_iavf.sym_chk with a meson_exe.py custom command.
[573/2820] Compiling C object 'drivers/a715181@@rte_common_iavf at sha/meson-generated_.._rte_common_iavf.pmd.c.o'.
[574/2820] Linking target drivers/librte_common_iavf.so.24.1.
[575/2820] Generating symbol file 'drivers/a715181@@rte_common_iavf at sha/librte_common_iavf.so.24.1.symbols'.
[576/2820] Compiling C object 'drivers/common/idpf/281975e@@idpf_common_avx512_lib at sta/idpf_common_rxtx_avx512.c.o'.
[577/2820] Linking static target drivers/common/idpf/libidpf_common_avx512_lib.a.
[578/2820] Compiling C object 'drivers/a715181@@tmp_rte_common_idpf at sta/common_idpf_idpf_common_device.c.o'.
[579/2820] Compiling C object 'drivers/a715181@@tmp_rte_common_idpf at sta/common_idpf_idpf_common_rxtx.c.o'.
[580/2820] Compiling C object 'drivers/a715181@@tmp_rte_common_idpf at sta/common_idpf_idpf_common_virtchnl.c.o'.
[581/2820] Compiling C object 'drivers/a715181@@tmp_rte_common_idpf at sta/common_idpf_idpf_common_rxtx_avx2.c.o'.
FAILED: drivers/a715181@@tmp_rte_common_idpf at sta/common_idpf_idpf_common_rxtx_avx2.c.o
clang -Idrivers/a715181@@tmp_rte_common_idpf at sta -Idrivers -I../drivers -Idrivers/common/idpf -I../drivers/common/idpf -Idrivers/common/idpf/../iavf -I../drivers/common/idpf/../iavf -I. -I../ -Iconfig -I../config -Ilib/eal/include -I../lib/eal/include -Ilib/eal/linux/include -I../lib/eal/linux/include -Ilib/eal/x86/include -I../lib/eal/x86/include -Ilib/eal/common -I../lib/eal/common -Ilib/eal -I../lib/eal -Ilib/kvargs -I../lib/kvargs -Ilib/log -I../lib/log -Ilib/telemetry/../metrics -I../lib/telemetry/../metrics -Ilib/telemetry -I../lib/telemetry -Ilib/mbuf -I../lib/mbuf -Ilib/mempool -I../lib/mempool -Ilib/ring -I../lib/ring -Xclang -fcolor-diagnostics -pipe -D_FILE_OFFSET_BITS=64 -Wall -Winvalid-pch -Wextra -Werror -std=c11 -O3 -include rte_config.h -Wcast-qual -Wdeprecated -Wformat -Wformat-nonliteral -Wformat-security -Wmissing-declarations -Wmissing-prototypes -Wnested-externs -Wold-style-definition -Wpointer-arith -Wsign-compare -Wstrict-prototypes -Wundef -Wwrite-strings -Wno
-address-of-packed-member -Wno-missing-field-initializers -D_GNU_SOURCE -fPIC -march=native -mrtm -DALLOW_EXPERIMENTAL_API -DALLOW_INTERNAL_API -DCC_AVX2_SUPPORT -DCC_AVX512_SUPPORT -Wno-unused-value -Wno-unused-variable -Wno-unused-parameter -Wno-implicit-fallthrough -Wno-strict-aliasing -DRTE_LOG_DEFAULT_LOGTYPE=pmd.common.idpf -DRTE_ANNOTATE_LOCKS -Wthread-safety -MD -MQ 'drivers/a715181@@tmp_rte_common_idpf at sta/common_idpf_idpf_common_rxtx_avx2.c.o' -MF 'drivers/a715181@@tmp_rte_common_idpf at sta/common_idpf_idpf_common_rxtx_avx2.c.o.d' -o 'drivers/a715181@@tmp_rte_common_idpf at sta/common_idpf_idpf_common_rxtx_avx2.c.o' -c ../drivers/common/idpf/idpf_common_rxtx_avx2.c
../drivers/common/idpf/idpf_common_rxtx_avx2.c:89:1: error: unused function 'idpf_flex_rxd_to_fdir_flags_vec_avx2' [-Werror,-Wunused-function]
idpf_flex_rxd_to_fdir_flags_vec_avx2(const __m256i fdir_id0_7)
^
1 error generated.
ninja: build stopped: subcommand failed.
==== End log output ====
Windows Server 2022
Kernel: OS Build 20348.2031
Compiler: MSVC VS-Preview
FreeBSD 13
Kernel: 13.0
Compiler: clang 11.0.1
Windows Server 2019
Kernel: 10.0
Compiler: clang 14.0 and gcc 8.1.0 (MinGW)
Fedora 37
Kernel: Depends on container host system
Compiler: gcc 12.3.1
Fedora 38
Kernel: Depends on container host
Compiler: clang 16.0.3
openSUSE Leap 15
Kernel: 4.18.0-240.10.1.el8_3.x86_64
Compiler: gcc 7.5.0
Ubuntu 20.04
Kernel: 5.4.0-153-generic
Compiler: gcc 9.4.0-1ubuntu1~20.04.1
Debian Buster
Kernel: 5.4.0-122-generic
Compiler: gcc 8.3.0-6
To view detailed results, visit:
https://lab.dpdk.org/results/dashboard/patchsets/28544/
UNH-IOL DPDK Community Lab
To manage your email subscriptions, visit:
https://lab.dpdk.org/results/dashboard/preferences/subscriptions/
More information about the test-report
mailing list