|FAILURE| [GIT MASTER] f2d5afbb2c05d7647da7ea914887c52115652651
dpdklab at iol.unh.edu
dpdklab at iol.unh.edu
Sun Dec 10 04:31:13 CET 2023
_Testing issues_
Branch: dpdk
f2d5afbb2c05d7647da7ea914887c52115652651 --> testing fail
Test environment and result as below:
+---------------------+----------------+
| Environment | dpdk_unit_test |
+=====================+================+
| Windows Server 2019 | FAIL |
+---------------------+----------------+
| CentOS Stream 8 | PASS |
+---------------------+----------------+
| Arch Linux | PASS |
+---------------------+----------------+
| Fedora 37 | PASS |
+---------------------+----------------+
| CentOS Stream 9 | PASS |
+---------------------+----------------+
| Debian Buster | PASS |
+---------------------+----------------+
| Debian Bullseye | PASS |
+---------------------+----------------+
| Ubuntu 20.04 | PASS |
+---------------------+----------------+
| openSUSE Leap 15 | PASS |
+---------------------+----------------+
| RHEL8 | PASS |
+---------------------+----------------+
| Ubuntu 22.04 | PASS |
+---------------------+----------------+
| Fedora 38 | PASS |
+---------------------+----------------+
==== 20 line log output for Windows Server 2019 (dpdk_unit_test): ====
7 6 / 8 4 D P D K : f a s t - t e s t s / t e l e m e t r y _ d a t a _ a u t o t e s t S K I P 0 . 1 4 s e x i t s t a t u s 7 7
7 7 / 8 4 D P D K : f a s t - t e s t s / t e l e m e t r y _ j s o n _ a u t o t e s t O K 0 . 1 4 s
7 8 / 8 4 D P D K : f a s t - t e s t s / t h a s h _ a u t o t e s t O K 0 . 1 5 s
7 9 / 8 4 D P D K : f a s t - t e s t s / t h r e a d s _ a u t o t e s t O K 0 . 9 0 s
8 0 / 8 4 D P D K : f a s t - t e s t s / t i c k e t l o c k _ a u t o t e s t O K 0 . 1 8 s
8 1 / 8 4 D P D K : f a s t - t e s t s / t i m e r _ a u t o t e s t O K 2 . 6 8 s
8 2 / 8 4 D P D K : f a s t - t e s t s / t r a c e _ a u t o t e s t S K I P 0 . 1 4 s e x i t s t a t u s 7 7
8 3 / 8 4 D P D K : f a s t - t e s t s / v d e v _ a u t o t e s t O K 0 . 1 4 s
8 4 / 8 4 D P D K : f a s t - t e s t s / v e r s i o n _ a u t o t e s t O K 0 . 1 4 s
O k : 6 4
E x p e c t e d F a i l : 0
F a i l : 0
U n e x p e c t e d P a s s : 0
S k i p p e d : 1 9
T i m e o u t : 1
F u l l l o g w r i t t e n t o C : \ U s e r s \ b u i l d e r \ j e n k i n s \ w o r k s p a c e \ G e n e r i c - V M - U n i t - T e s t - D P D K \ d p d k \ b u i l d \ m e s o n - l o g s \ t e s t l o g . t x t
==== End log output ====
Windows Server 2019
Kernel: 10.0
Compiler: clang 14.0 and gcc 8.1.0 (MinGW)
CentOS Stream 8
Kernel: 4.18.0-240.10.1.el8_3.x86_64
Compiler: gcc 8.4.1 20200928
Arch Linux
Kernel: 5.4.0-73-generic
Compiler: gcc 11.1.0
Fedora 37
Kernel: Depends on container host system
Compiler: gcc 12.3.1
CentOS Stream 9
Kernel: 4.18.0-240.10.1.el8_3.x86_64
Compiler: gcc 11.3.1 20220421
Debian Buster
Kernel: 5.4.0-122-generic
Compiler: gcc 8.3.0-6
Debian Bullseye
Kernel: 5.4.0-122-generic
Compiler: gcc 10.2.1-6
Ubuntu 20.04
Kernel: 5.4.0-153-generic
Compiler: gcc 9.4.0-1ubuntu1~20.04.1
openSUSE Leap 15
Kernel: 4.18.0-240.10.1.el8_3.x86_64
Compiler: gcc 7.5.0
RHEL8
Kernel: 4.18.0-240.10.1.el8_3.x86_64
Compiler: gcc 8.3.1 20191121 (Red Hat 8.3.1-5)
Ubuntu 22.04
Kernel: 4.18.0-240.10.1.el8_3.x86_64
Compiler: gcc 11.3.0
Fedora 38
Kernel: Depends on container host
Compiler: clang 16.0.3
To view detailed results, visit:
https://lab.dpdk.org/results/dashboard/tarballs/27270/
UNH-IOL DPDK Community Lab
To manage your email subscriptions, visit:
https://lab.dpdk.org/results/dashboard/preferences/subscriptions/
More information about the test-report
mailing list