|FAILURE| pw135174 [PATCH] ethdev: add dump regs for telemetry
dpdklab at iol.unh.edu
dpdklab at iol.unh.edu
Fri Dec 15 01:47:15 CET 2023
Test-Label: iol-unit-amd64-testing
Test-Status: FAILURE
http://dpdk.org/patch/135174
_Testing issues_
Submitter: Jie Hai <haijie1 at huawei.com>
Date: Thursday, December 14 2023 01:56:49
DPDK git baseline: Repo:dpdk
Branch: master
CommitID:e5dc404d33ac1c6cea5c62a88489746c5cb5e35e
135174 --> testing fail
Test environment and result as below:
+---------------------+----------------+
| Environment | dpdk_unit_test |
+=====================+================+
| Windows Server 2019 | FAIL |
+---------------------+----------------+
| Debian Bullseye | PASS |
+---------------------+----------------+
| Fedora 37 | PASS |
+---------------------+----------------+
| CentOS Stream 9 | PASS |
+---------------------+----------------+
| Fedora 38 | PASS |
+---------------------+----------------+
| CentOS Stream 8 | PASS |
+---------------------+----------------+
| Debian Buster | PASS |
+---------------------+----------------+
| Ubuntu 20.04 | PASS |
+---------------------+----------------+
| RHEL8 | PASS |
+---------------------+----------------+
| Ubuntu 22.04 | PASS |
+---------------------+----------------+
==== 20 line log output for Windows Server 2019 (dpdk_unit_test): ====
" c l a n g " " - I l i b \ l i b r t e _ e t h d e v . a . p " " - I l i b " " - I . . \ l i b " " - I l i b \ e t h d e v " " - I . . \ l i b \ e t h d e v " " - I . " " - I . . " " - I c o n f i g " " - I . . \ c o n f i g " " - I l i b \ e a l \ i n c l u d e " " - I . . \ l i b \ e a l \ i n c l u d e " " - I l i b \ e a l \ w i n d o w s \ i n c l u d e " " - I . . \ l i b \ e a l \ w i n d o w s \ i n c l u d e " " - I l i b \ e a l \ x 8 6 \ i n c l u d e " " - I . . \ l i b \ e a l \ x 8 6 \ i n c l u d e " " - I l i b \ e a l \ c o m m o n " " - I . . \ l i b \ e a l \ c o m m o n " " - I l i b \ e a l " " - I . . \ l i b \ e a l " " - I l i b \ l o g " " - I . . \ l i b \ l o g " " - I l i b \ k v a r g s " " - I . . \ l i b \ k v a r g s " " - I l i b \ n e t " " - I . . \ l i b \ n e t " " - I l i b \ m b u f " " - I . . \ l i b \ m b u f " " - I l i b \ m e m p o o l " " - I . . \ l i b \ m e m p o o l " " - I
l i b \ r i n g " " - I . . \ l i b \ r i n g " " - I l i b \ m e t r i c s " " - I . . \ l i b \ m e t r i c s " " - I l i b \ t e l e m e t r y " " - I . . \ l i b \ t e l e m e t r y " " - I l i b \ m e t e r " " - I . . \ l i b \ m e t e r " " - X c l a n g " " - f c o l o r - d i a g n o s t i c s " " - p i p e " " - D _ F I L E _ O F F S E T _ B I T S = 6 4 " " - W a l l " " - W i n v a l i d - p c h " " - W e x t r a " " - W e r r o r " " - s t d = c 1 1 " " - O 3 " " - i n c l u d e " " r t e _ c o n f i g . h " " - W c a s t - q u a l " " - W d e p r e c a t e d " " - W f o r m a t " " - W f o r m a t - n o n l i t e r a l " " - W f o r m a t - s e c u r i t y " " - W m i s s i n g - d e c l a r a t i o n s " " - W m i s s i n g - p r o t o t y p e s " " - W n e s t e d - e x t e r n s " " - W o l d - s t y l e - d e f i n i t i o n " " - W p o i n t e r - a r i t h " " - W s i g n - c o m p a r e " " - W s t r
i c t - p r o t o t y p e s " " - W u n d e f " " - W w r i t e - s t r i n g s " " - W n o - a d d r e s s - o f - p a c k e d - m e m b e r " " - W n o - m i s s i n g - f i e l d - i n i t i a l i z e r s " " - D _ G N U _ S O U R C E " " - D _ W I N 3 2 _ W I N N T = 0 x 0 A 0 0 " " - D _ C R T _ S E C U R E _ N O _ W A R N I N G S " " - m a r c h = n a t i v e " " - m r t m " " - D A L L O W _ E X P E R I M E N T A L _ A P I " " - D A L L O W _ I N T E R N A L _ A P I " " - D R T E _ L O G _ D E F A U L T _ L O G T Y P E = l i b . e t h d e v " " - D R T E _ A N N O T A T E _ L O C K S " " - W t h r e a d - s a f e t y " - M D - M Q l i b / l i b r t e _ e t h d e v . a . p / e t h d e v _ r t e _ e t h d e v _ t e l e m e t r y . c . o b j - M F " l i b \ l i b r t e _ e t h d e v . a . p \ e t h d e v _ r t e _ e t h d e v _ t e l e m e t r y . c . o b j . d " - o l i b / l i b r t e _ e t h d e v . a . p / e t h d e v _ r t e _ e t h
d e v _ t e l e m e t r y . c . o b j " - c " . . / l i b / e t h d e v / r t e _ e t h d e v _ t e l e m e t r y . c
. . / l i b / e t h d e v / r t e _ e t h d e v _ t e l e m e t r y . c : 1 4 6 7 : 1 1 : e r r o r : i m p l i c i t d e c l a r a t i o n o f f u n c t i o n ' s t r t o k _ r ' i s i n v a l i d i n C 9 9 [ - W e r r o r , - W i m p l i c i t - f u n c t i o n - d e c l a r a t i o n ]
s u f f i x = s t r t o k _ r ( e n d _ p a r a m , " , " , & e n d _ p a r a m ) ;
^
. . / l i b / e t h d e v / r t e _ e t h d e v _ t e l e m e t r y . c : 1 4 6 7 : 1 1 : n o t e : d i d y o u m e a n ' s t r t o k _ s ' ?
C : \ P r o g r a m F i l e s ( x 8 6 ) \ W i n d o w s K i t s \ 1 0 \ I n c l u d e \ 1 0 . 0 . 1 8 3 6 2 . 0 \ u c r t \ s t r i n g . h : 6 4 : 2 9 : n o t e : ' s t r t o k _ s ' d e c l a r e d h e r e
_ A C R T I M P c h a r * _ _ c d e c l s t r t o k _ s (
^
. . / l i b / e t h d e v / r t e _ e t h d e v _ t e l e m e t r y . c : 1 4 6 7 : 9 : e r r o r : i n c o m p a t i b l e i n t e g e r t o p o i n t e r c o n v e r s i o n a s s i g n i n g t o ' c o n s t c h a r * ' f r o m ' i n t ' [ - W e r r o r , - W i n t - c o n v e r s i o n ]
s u f f i x = s t r t o k _ r ( e n d _ p a r a m , " , " , & e n d _ p a r a m ) ;
^ ~ ~ ~ ~ ~ ~ ~ ~ ~ ~ ~ ~ ~ ~ ~ ~ ~ ~ ~ ~ ~ ~ ~ ~ ~ ~ ~ ~ ~ ~ ~ ~ ~ ~ ~ ~
2 e r r o r s g e n e r a t e d .
[ 1 0 / 5 0 9 ] C o m p i l i n g C o b j e c t l i b / l i b r t e _ c f g f i l e . a . p / c f g f i l e _ r t e _ c f g f i l e . c . o b j
[ 1 1 / 5 0 9 ] C o m p i l i n g C o b j e c t l i b / l i b r t e _ h a s h . a . p / h a s h _ r t e _ f b k _ h a s h . c . o b j
[ 1 2 / 5 0 9 ] C o m p i l i n g C o b j e c t l i b / l i b r t e _ b i t r a t e s t a t s . a . p / b i t r a t e s t a t s _ r t e _ b i t r a t e . c . o b j
[ 1 3 / 5 0 9 ] C o m p i l i n g C o b j e c t l i b / l i b r t e _ h a s h . a . p / h a s h _ r t e _ c u c k o o _ h a s h . c . o b j
[ 1 4 / 5 0 9 ] C o m p i l i n g C o b j e c t l i b / l i b r t e _ c r y p t o d e v . a . p / c r y p t o d e v _ r t e _ c r y p t o d e v . c . o b j
n i n j a : b u i l d s t o p p e d : s u b c o m m a n d f a i l e d .
C o u l d n o t r e b u i l d C : \ U s e r s \ b u i l d e r \ j e n k i n s \ w o r k s p a c e \ G e n e r i c - V M - U n i t - T e s t - D P D K \ d p d k \ b u i l d
==== End log output ====
Windows Server 2019
Kernel: 10.0
Compiler: clang 14.0 and gcc 8.1.0 (MinGW)
Debian Bullseye
Kernel: 5.4.0-122-generic
Compiler: gcc 10.2.1-6
Fedora 37
Kernel: Depends on container host system
Compiler: gcc 12.3.1
CentOS Stream 9
Kernel: 4.18.0-240.10.1.el8_3.x86_64
Compiler: gcc 11.3.1 20220421
Fedora 38
Kernel: Depends on container host
Compiler: gcc 13.1.1
CentOS Stream 8
Kernel: 4.18.0-240.10.1.el8_3.x86_64
Compiler: gcc 8.4.1 20200928
Debian Buster
Kernel: 5.4.0-122-generic
Compiler: gcc 8.3.0-6
Ubuntu 20.04
Kernel: 5.4.0-153-generic
Compiler: gcc 9.4.0-1ubuntu1~20.04.1
RHEL8
Kernel: 4.18.0-240.10.1.el8_3.x86_64
Compiler: gcc 8.3.1 20191121 (Red Hat 8.3.1-5)
Ubuntu 22.04
Kernel: 4.18.0-240.10.1.el8_3.x86_64
Compiler: gcc 11.3.0
To view detailed results, visit:
https://lab.dpdk.org/results/dashboard/patchsets/28613/
UNH-IOL DPDK Community Lab
To manage your email subscriptions, visit:
https://lab.dpdk.org/results/dashboard/preferences/subscriptions/
More information about the test-report
mailing list