|FAILURE| [GIT MASTER] 4307659a904eb9c9b60240256857228f77a0b97e
dpdklab at iol.unh.edu
dpdklab at iol.unh.edu
Fri Dec 22 17:22:19 CET 2023
_Testing issues_
Branch: tags/v22.11
4307659a904eb9c9b60240256857228f77a0b97e --> testing fail
Test environment and result as below:
+--------------------------+---------------------------+------------------------------+----------------+--------------+
| Environment | cryptodev_sw_zuc_autotest | cryptodev_sw_snow3g_autotest | dpdk_unit_test | lpm_autotest |
+==========================+===========================+==============================+================+==============+
| Debian 11 (arm) | PASS | PASS | SKIPPED | SKIPPED |
+--------------------------+---------------------------+------------------------------+----------------+--------------+
| Debian 11 (Buster) (ARM) | SKIPPED | SKIPPED | FAIL | SKIPPED |
+--------------------------+---------------------------+------------------------------+----------------+--------------+
| CentOS Stream 9 (ARM) | SKIPPED | SKIPPED | FAIL | SKIPPED |
+--------------------------+---------------------------+------------------------------+----------------+--------------+
| Fedora 38 (ARM) | SKIPPED | SKIPPED | FAIL | SKIPPED |
+--------------------------+---------------------------+------------------------------+----------------+--------------+
| Ubuntu 20.04 (ARM) | SKIPPED | SKIPPED | FAIL | SKIPPED |
+--------------------------+---------------------------+------------------------------+----------------+--------------+
| Fedora 38 (ARM Clang) | SKIPPED | SKIPPED | FAIL | SKIPPED |
+--------------------------+---------------------------+------------------------------+----------------+--------------+
| Fedora 37 (ARM) | SKIPPED | SKIPPED | FAIL | SKIPPED |
+--------------------------+---------------------------+------------------------------+----------------+--------------+
| Ubuntu 20.04 ARM SVE | SKIPPED | SKIPPED | SKIPPED | PASS |
+--------------------------+---------------------------+------------------------------+----------------+--------------+
==== 20 line log output for Fedora 37 (ARM) (dpdk_unit_test): ====
95/105 DPDK:fast-tests / telemetry_json_autotest OK 0.14 s
96/105 DPDK:fast-tests / telemetry_data_autotest OK 0.14 s
97/105 DPDK:fast-tests / table_autotest OK 13.32 s
98/105 DPDK:fast-tests / ring_pmd_autotest OK 0.14 s
99/105 DPDK:fast-tests / event_eth_tx_adapter_autotest OK 1.89 s
100/105 DPDK:fast-tests / bitratestats_autotest OK 0.14 s
101/105 DPDK:fast-tests / latencystats_autotest OK 0.14 s
102/105 DPDK:fast-tests / pdump_autotest OK 5.25 s
103/105 DPDK:fast-tests / vdev_autotest OK 0.09 s
104/105 DPDK:fast-tests / compressdev_autotest SKIP 0.09 s
105/105 DPDK:fast-tests / telemetry_all SKIP 0.02 s
Ok: 97
Expected Fail: 0
Fail: 1
Unexpected Pass: 0
Skipped: 7
Timeout: 0
Full log written to /home-local/jenkins-local/jenkins-agent/workspace/Generic-Unit-Test-DPDK/dpdk/build/meson-logs/testlog.txt
==== End log output ====
Debian 11 (arm)
Kernel: Container Host Kernel
Compiler: gcc 10.2.1
Debian 11 (Buster) (ARM)
Kernel: Container Host Kernel
Compiler: gcc 10.2.1
CentOS Stream 9 (ARM)
Kernel: Container Host Kernel
Compiler: gcc 11.3.1
Fedora 38 (ARM)
Kernel: Depends on container host
Compiler: gcc 13.1.1
Ubuntu 20.04 (ARM)
Kernel: Container Host Kernel
Compiler: gcc 9.4.0
Fedora 38 (ARM Clang)
Kernel: Depends on container host
Compiler: clang 16.0.3
Fedora 37 (ARM)
Kernel: Depends on container host
Compiler: gcc 12.3.1
Ubuntu 20.04 ARM SVE
Kernel: 5.4.0-80-generic
Compiler: gcc 10.3.0 (Ubuntu 10.3.0-1ubuntu1~20.04)
To view detailed results, visit:
https://lab.dpdk.org/results/dashboard/tarballs/27451/
UNH-IOL DPDK Community Lab
To manage your email subscriptions, visit:
https://lab.dpdk.org/results/dashboard/preferences/subscriptions/
More information about the test-report
mailing list