|FAILURE| [GIT MASTER] bbc9320cafa6e70d08fa80cf1e43da461aecb9f6
dpdklab at iol.unh.edu
dpdklab at iol.unh.edu
Fri Dec 22 17:25:04 CET 2023
_Testing issues_
Branch: tags/v21.11
bbc9320cafa6e70d08fa80cf1e43da461aecb9f6 --> testing fail
Test environment and result as below:
+--------------------------+---------------------------+------------------------------+----------------+
| Environment | cryptodev_sw_zuc_autotest | cryptodev_sw_snow3g_autotest | dpdk_unit_test |
+==========================+===========================+==============================+================+
| Debian 11 (arm) | FAIL | FAIL | SKIPPED |
+--------------------------+---------------------------+------------------------------+----------------+
| CentOS Stream 9 (ARM) | SKIPPED | SKIPPED | FAIL |
+--------------------------+---------------------------+------------------------------+----------------+
| Debian 11 (Buster) (ARM) | SKIPPED | SKIPPED | FAIL |
+--------------------------+---------------------------+------------------------------+----------------+
| Fedora 38 (ARM) | SKIPPED | SKIPPED | FAIL |
+--------------------------+---------------------------+------------------------------+----------------+
| Fedora 37 (ARM) | SKIPPED | SKIPPED | FAIL |
+--------------------------+---------------------------+------------------------------+----------------+
==== 20 line log output for Fedora 37 (ARM) (dpdk_unit_test): ====
91/101 DPDK:fast-tests / trace_autotest OK 0.07 s
92/101 DPDK:fast-tests / metrics_autotest OK 0.07 s
93/101 DPDK:fast-tests / telemetry_json_autotest OK 0.07 s
94/101 DPDK:fast-tests / telemetry_data_autotest OK 0.07 s
95/101 DPDK:fast-tests / ring_pmd_autotest OK 0.07 s
96/101 DPDK:fast-tests / event_eth_tx_adapter_autotest OK 1.02 s
97/101 DPDK:fast-tests / bitratestats_autotest OK 0.07 s
98/101 DPDK:fast-tests / latencystats_autotest OK 0.07 s
99/101 DPDK:fast-tests / pdump_autotest OK 5.13 s
100/101 DPDK:fast-tests / vdev_autotest OK 0.07 s
101/101 DPDK:fast-tests / compressdev_autotest SKIP 0.07 s
Ok: 95
Expected Fail: 0
Fail: 1
Unexpected Pass: 0
Skipped: 5
Timeout: 0
Full log written to /home-local/jenkins-local/jenkins-agent/workspace/Generic-Unit-Test-DPDK/dpdk/build/meson-logs/testlog.txt
==== End log output ====
Debian 11 (arm)
Kernel: Container Host Kernel
Compiler: gcc 10.2.1
CentOS Stream 9 (ARM)
Kernel: Container Host Kernel
Compiler: gcc 11.3.1
Debian 11 (Buster) (ARM)
Kernel: Container Host Kernel
Compiler: gcc 10.2.1
Fedora 38 (ARM)
Kernel: Depends on container host
Compiler: gcc 13.1.1
Fedora 37 (ARM)
Kernel: Depends on container host
Compiler: gcc 12.3.1
To view detailed results, visit:
https://lab.dpdk.org/results/dashboard/tarballs/27453/
UNH-IOL DPDK Community Lab
To manage your email subscriptions, visit:
https://lab.dpdk.org/results/dashboard/preferences/subscriptions/
More information about the test-report
mailing list